0*b = -b + 17413. Suppose 5*f + b = 5318. What is the units digit of f?
7
Suppose -2*b - 15 = -5*b. Suppose 147 - 722 = -b*u. What is the units digit of u?
5
Suppose 4*l = -2*v - 82, 2*v - 6*l = -5*l - 67. Let r be ((-14)/18 + 0 + 1)*33894/538. What is the units digit of ((-5)/(v/r))/((-4)/(-142))?
1
Let r(t) = -t**3 - 7*t**2 + 18*t + 7. Let v be r(-9). Let w(p) = v - 3 - 8*p + 7. What is the units digit of w(-4)?
3
Suppose -26*z + 22*z = -3*r - 105020, -z = -4*r - 26281. What is the hundreds digit of z?
2
Let c be (-1 + 15/5)*(-2 - -1). Let u(f) = -31*f**2 - 3*f. Let i be u(c). Let r = 172 + i. What is the tens digit of r?
5
Suppose -52*r = -53*r, 5*g + 3*r - 2910 = 0. What is the tens digit of g?
8
Let m = 126537 - 40136. What is the ten thousands digit of m?
8
Suppose -5*z - y = -66935, -z + y = -17239 + 3852. What is the tens digit of z?
8
Let v(s) = s**3 + s + 52. Suppose 5*z + 39 = 104. Let d = z + -13. What is the tens digit of v(d)?
5
Let j be (0 - -6)*(-56)/(-84) - -39516. Suppose -18*k = 20*k - j. What is the units digit of k?
0
Suppose -16*h - 35*h + 18564 = 0. Suppose -h = -4*x + 4*j, 3*x - 4*j = -9*j + 257. What is the units digit of x?
9
Let h(k) = -k**3 + 14*k**2 - 4*k + 8. Let j(i) = i**3 - 13*i**2 + 4*i - 7. Let u(r) = 6*h(r) + 5*j(r). What is the units digit of u(18)?
5
Let q = 1385 + 20267. What is the thousands digit of q?
1
Let b(p) = 114*p**2 + p + 19. Let y be b(5). Let j = -1602 + y. What is the thousands digit of j?
1
Let c = 276017 + -186419. What is the tens digit of c?
9
Let r(q) = -3*q - q + 55 - 41 - 4*q + 17*q. Suppose 3*s + 4*g - 26 = 0, 5*s - g + 4*g - 36 = 0. What is the tens digit of r(s)?
6
Let r(w) = -4*w**2 + 16*w + 1. Let a be r(4). What is the units digit of 7/(6 - 5) + (a - 1)?
7
What is the tens digit of 7298/(-40 + -1)*(2 + 119/(-2))?
3
Suppose 0 = -500*c + 349*c + 9276836. What is the units digit of c?
6
Let p(x) = -2*x**2 + 13*x - 28. Let m be p(2). Let d(q) = -2*q**2 - 28*q - 32. What is the units digit of d(m)?
8
Suppose 4 = 7*c - 10. Let b be ((-5)/(-15))/(c/1878) - 0. Suppose -630 = -5*y + 5*v, 4*y = 5*v + 821 - b. What is the hundreds digit of y?
1
Let q(g) = 19*g**2 - 22*g + 19. Let k = 197 - 191. What is the tens digit of q(k)?
7
Suppose -34*i = -38*i - 584. Suppose 262 = m - 5*v, 0*m + 4*v = -4*m + 928. Let f = i + m. What is the tens digit of f?
9
Let y = 1784 + -291. What is the hundreds digit of y?
4
Let a = -43104 + 73873. What is the ten thousands digit of a?
3
Let p(h) = 40*h**2 - 5. Suppose -2*o = 3*d - 4*o + 11, 3*o = 3. Let k(n) = -13*n**2 + 2. Let f(z) = d*p(z) - 10*k(z). What is the units digit of f(3)?
5
Let n = -32 - -36. Let k(w) = -37*w + 14. Let a(i) = 148*i - 57. Let f(j) = -2*a(j) - 9*k(j). What is the units digit of f(n)?
6
Let k = 94 + -84. Let c(a) = 2*a**3 - 20*a**2 + a - 5. Let h be c(k). Suppose -h*x + 191 + 174 = 0. What is the units digit of x?
3
Let b(m) be the second derivative of 148*m**3/3 - 4*m**2 + 96*m. What is the units digit of b(1)?
8
Let x = 42 - 50. Let b be x + 10 - (-1 + 1). Let g(r) = 18*r - 1. What is the units digit of g(b)?
5
Suppose -5*x + 41 = -4*c, -3*c + 8 = 5*x - 5. Let h be 3 + 15/x + -8. What is the units digit of 75 - 0 - (h - -2 - 2)?
7
Let f(u) = -11*u - 82. Let r be f(-8). Suppose 5*o - 286 = -r*o. What is the units digit of o?
6
Let w(c) = 545*c**2 + 58*c - 273. What is the hundreds digit of w(4)?
6
Suppose 1053863 = 106*p + 34227 - 56052. What is the tens digit of p?
4
Suppose -3*x = 39*a - 38*a - 16609, -3*a - 2*x = -49862. What is the thousands digit of a?
6
Suppose 2*v + 4*c - 1679 + 131 = 0, -5*c + 10 = 0. Let g = v - 320. What is the hundreds digit of g?
4
Let n(s) = -4*s + 3. Let u(p) be the second derivative of -p**3/6 - p**2/2 + 38*p. Let z(x) = -n(x) + 6*u(x). What is the units digit of z(-6)?
3
Suppose -40*p - 960 = -44*p. Suppose 0 = -17*n + 134 + p. Suppose -n*f - 68 = -24*f. What is the tens digit of f?
3
Let i(d) = 29*d**2 - 10*d + 46. Let c = -221 - -226. What is the hundreds digit of i(c)?
7
Suppose 4*c - 4*x - 51844 = 0, 4*c + 3*x - 51853 = 4*x. Suppose 81*r - 67*r = c. What is the tens digit of r?
2
Let v(u) = u**3 - 46*u**2 + 255*u - 87. What is the units digit of v(48)?
1
Let y(x) = -x**3 + 39*x**2 - 63*x - 27. Let a be y(32). Suppose 0 = 14*l - a - 83. What is the units digit of l?
2
Suppose -19*a + 16*a + 1023 = 0. Suppose -5*y - 5*w = -0*w - 890, 2*y - a = w. What is the hundreds digit of y?
1
Let f be (-30)/(-45)*18/4. Suppose f*h = -2*d + 108, -2*d - 5*h = -60 - 48. What is the tens digit of d?
5
Suppose 41 = 5*s - 4*i, 0 = -4*s - 3*i + 4*i + 24. Let x = s - -11. Suppose -14*j - 120 = -x*j. What is the tens digit of j?
6
Suppose -177*h - 857152 = -241*h. What is the hundreds digit of h?
3
Let h(b) = b**3 - 18*b**2 - 18*b - 16. Let w be h(19). Suppose 0 = w*f + v - 201, f - 58 = 5*v + 25. What is the units digit of f?
8
Let x(h) = 7*h**3 + 4*h**2 - h - 8. Let g = -44 - -60. Suppose -5*d + 7 = -4*i, 2*i - g = -3*d - d. What is the hundreds digit of x(d)?
2
Let c(k) = k**2 + 5*k - 29. Let i be c(-8). Let g = 172 + i. What is the hundreds digit of g?
1
Let d = 40541 + -22355. What is the tens digit of d?
8
Let y = -60 - -68. Suppose -y*w - 5*w = -39. Suppose -79 = -w*i - 10. What is the units digit of i?
3
Suppose -2*z - 3*w + 2 = -7, 4*w + 5 = 3*z. Suppose 6285 = z*s + 12*s. What is the tens digit of s?
1
Let u(w) = 5*w + 22*w**2 + 69 - w - 63. What is the tens digit of u(3)?
1
Let w(k) = 20*k**2 - 8*k + 21. Suppose 4*p - 17 = 3*q, 4*p = p + 5*q + 10. What is the units digit of w(p)?
1
Let o(f) = f**3 + 9*f**2 - 18*f + 17. Let x be o(-9). Suppose 2*k - x = k. Suppose k = 5*u - 431. What is the tens digit of u?
2
Let i(n) = n**3 + 18*n**2 - 38*n + 42. Let t be i(-20). Suppose 0 = -2*s - t*k + 1378, -s + 6*k - 11*k = -689. What is the units digit of s?
9
Suppose -14*q + 11 = -59. What is the units digit of 1/(q/(-164))*(-13 - -8)?
4
Let z(f) = -126*f + 1845. What is the hundreds digit of z(-52)?
3
Suppose w - 85512 = -2*r, -r - 19*w + 42722 = -10*w. What is the tens digit of r?
5
Let p(k) = -121 - 84*k - 80*k + 230*k. What is the tens digit of p(3)?
7
Suppose -393*z = -318*z - 3506850. What is the thousands digit of z?
6
Let m be 828/198 - (-2)/(-11). Suppose 4*y - 5*h = 988, 2*y - m*h - 494 = -0*h. Suppose 3*c + 114 = -l + 482, y = 2*c - l. What is the tens digit of c?
2
Let w be 4/(-6) - (3 - 40/6). Suppose 0 = x - 3*b - 38, -w*x - 2*b + 74 = -62. Let z = x - 34. What is the tens digit of z?
1
What is the ten thousands digit of 18/(-8)*(-996)/18*(-78358)/(-609)?
1
Let w(c) = -2642*c - 1490. What is the units digit of w(-8)?
6
Let g = -1200 + 1194. Let q(f) = -14 - 5*f + 2*f - 12*f. What is the tens digit of q(g)?
7
Let w = 6 + -22. Let u be (12/w)/3 - (-2)/8. Suppose u*t = 3*t - 153. What is the units digit of t?
1
What is the thousands digit of 23755*(-3)/(-6)*(16 + (-182)/13)?
3
Let z(s) be the second derivative of s**4/12 - s**3/3 - s**2/2 - 26*s. Let r be z(-2). Suppose -4*x = r*x - 1628. What is the units digit of x?
8
Let n(v) = 128*v + 3694. What is the hundreds digit of n(64)?
8
Suppose -2*x + 1164*c - 1162*c = -113932, -2*x + 113941 = -c. What is the units digit of x?
5
Suppose 3*i = -5*z + 7726, i - 4647 = -3*z + 3*i. Let j = 23 + 39. Suppose j*k - 55*k = z. What is the hundreds digit of k?
2
Let a(q) = 84*q + 6. Let j(c) = 4*c**2 + 20 - 30 - 7*c - 5*c**2. Let n be j(-4). What is the tens digit of a(n)?
7
Let f(i) = -258*i**2 - i. Let x be f(-1). Let j be -2*124/40*5 - -6. What is the units digit of x/(-5) - ((-35)/j + -2)?
2
What is the units digit of (-3)/(6/1) + (-126)/252 - -59463?
2
Suppose 42*j = 47*j + 40. Let z(x) = 12*x**2 - 15*x - 29. What is the units digit of z(j)?
9
Let o = 14 - -8. Let d be -2 + o + -5 + 2. Let u = 100 - d. What is the units digit of u?
3
Suppose -12*z = -946 - 5138. Suppose -2*x + 5*x = z. Let o = -49 + x. What is the units digit of o?
0
Let n(k) = k**2 + 5*k - 6. Suppose -g + 0*l - 2 = l, 2*l = -3*g - 10. Let m be n(g). Suppose m = -5*t + 35 + 5. What is the units digit of t?
8
Let b(m) be the second derivative of 5*m**4/3 + 5*m**3 + 11*m**2 - 3*m - 2. What is the tens digit of b(-6)?
6
Let v be ((-60)/18)/(8/(-36)). Let j be 3/(v/(-590)) + 0. What is the tens digit 